git of 4/16 - 3935/n?
7
Suppose -301 = -v + 3*p + 287, -v - 5*p = -548. What is the units digit of v?
3
Let v(m) = m**3 + 11*m**2 + 9*m + 2. Let d be v(-10). Suppose r + d - 285 = 0. What is the hundreds digit of r?
2
Suppose -6*m = -290 + 56. What is the units digit of m?
9
Let h(u) = 2*u - 10. Let m be h(6). Suppose 0 = -g + 1, 34 = 2*w - m*g - 34. Let x = -17 + w. What is the tens digit of x?
1
Suppose 19*u = 1371 + 111. What is the units digit of u?
8
Let m be 1041/6 + 15/10. Suppose -5*c - 5 - 5 = 0, 0 = 3*u + 5*c - 26. What is the tens digit of m/10*u/10?
2
Suppose -5*k - 1983 = -w, 2*w - 3990 = 24*k - 26*k. What is the thousands digit of w?
1
Let q(a) be the first derivative of 3*a**3 - 2*a**2 - 8*a - 6. Let z be q(4). Suppose z = -8*v + 12*v. What is the tens digit of v?
3
Let p(u) be the third derivative of u**6/60 - u**5/120 + u**4/4 + 4*u**3/3 + 4*u**2. Let z(o) be the first derivative of p(o). What is the units digit of z(3)?
7
Let o(y) = 66*y**3 - 7*y**2 + 8*y - 7. What is the tens digit of o(2)?
0
Let i(x) = 18*x + 73. What is the tens digit of i(27)?
5
Suppose 8 = 4*r + 2*s, 4*r - 2*s - 8 = s. Suppose -4*n + 2*o + 47 = -o, 0 = 4*n - 2*o - 42. What is the units digit of ((-20)/n)/((-1)/r)?
5
Let g = -2 - -4. Let s be (-51)/17 - (1 + -9). Suppose -s*v = 2*b + 79 - 229, -3*v - g*b + 90 = 0. What is the tens digit of v?
3
Suppose 3*c = 7*c - 8. Suppose -3*g = -2*t - 2*g + 193, 4*g + 196 = c*t. What is the tens digit of (5/(-15))/((-2)/t)?
1
Let a(k) be the third derivative of -2*k**5/15 + k**4/24 + k**2. Let q be a(-1). What is the tens digit of ((-6)/q)/(16/840)?
3
Let r(s) = s**3 - 7*s**2 + 7*s - 9. Let k = -3 + 5. Suppose 13 = k*q - 1. What is the units digit of r(q)?
0
Let u(c) = -c + 103. What is the tens digit of u(8)?
9
What is the units digit of ((-31)/(-2))/(3/156)?
6
Let h be (-2)/1 - (-2 - 6). Suppose 0*x = -h*x + 336. What is the tens digit of x?
5
Let h(j) = j**2 + 2*j - 15. Let d be h(3). Suppose -4*i + 4 = -d*i. What is the units digit of i?
1
Let p(g) = -3*g**2 + 2*g + 8. Let m(j) = -j**2 - j. Let a(c) = -m(c) + p(c). Let o be a(-4). What is the units digit of 5/((-60)/8)*o?
4
What is the hundreds digit of (148 + 2)/(-2)*(-576)/60?
7
Let o = -88 + 91. Suppose -c + 2*f + 118 = 0, 4*c - o*f - f = 476. What is the hundreds digit of c?
1
Let k(l) = 36*l**2 + l. Let s be (0 - 4)*6/(-8). Suppose s*r + 2 = r. What is the units digit of k(r)?
5
Let c = 867 - 138. What is the hundreds digit of c?
7
Let l = 41 - 41. Suppose -5*z + 186 + 269 = l. What is the units digit of z?
1
Let b(a) = -a**2 - 7*a + 4. Let m be b(-6). What is the hundreds digit of 2*(-8)/40 - (-1634)/m?
1
What is the hundreds digit of (-4)/2 - (-1146 - 11 - -13)?
1
Suppose -6*j = -1575 + 195. What is the tens digit of j?
3
Suppose t + 5*w - 14 = 0, 3*w - w + 12 = 4*t. Let j(y) = 3*y**3 + 1 - 3*y + t*y + y. What is the tens digit of j(2)?
2
Suppose 2*q - 4*x - 1108 = 0, 4*q - 6*x - 2171 = -7*x. What is the units digit of q?
4
Suppose 3*m + 40*p = 44*p + 4705, -p + 5 = 0. What is the units digit of m?
5
Suppose 0 = 49*d - 33*d - 7536. What is the units digit of d?
1
Suppose 17 = 4*t + 21. What is the hundreds digit of (t/(-2))/(2/884)?
2
Suppose -3*d - 5*c + 6030 = 2*d, 2*d = -4*c + 2408. What is the thousands digit of d?
1
Suppose -57*m = -47*m - 10650. What is the thousands digit of m?
1
Let b be ((-9)/(-27))/((-1)/(-57)). Suppose 0 = -b*i + 20*i - 12. What is the units digit of i?
2
Let m be ((-4)/(-3))/((-2)/312). Let c = -143 - m. Let v = -46 + c. What is the tens digit of v?
1
Let b(z) = -67*z - 3. Let h be b(2). Let l = -97 - h. Suppose 0 = -t + 3*m - m + l, -4*t + 3*m + 150 = 0. What is the units digit of t?
6
Let b = -144 + 126. Let f = b + 184. What is the hundreds digit of f?
1
Let z(k) = -k**2 - 21 - k**3 + 28*k + 5*k**2 + 11*k**2 - 5*k**2. What is the tens digit of z(12)?
2
Let o(m) = -m + 14. Let g be o(10). Suppose -318 = -2*l + 2*i, -g*l - 5*i = -99 - 501. Suppose 0 = a + 1, -5*f = 6*a - a - l. What is the units digit of f?
2
Let f be (-1)/((4 - 26/6)*-1). What is the units digit of f/6*-2*127?
7
Let w(n) = -12*n - 19. Let o be w(-5). Suppose 2*c - 48 = -3*v, -4*v - c + 18 = -o. What is the units digit of v?
4
Let g = 20 - 29. Let n = 13 + g. Suppose -4*c = 3*i - 65, n*i = -2*c - 0*c + 20. What is the tens digit of c?
2
Let r = 5 + 1. Let o(i) = i**3 - 5*i**2 - 7*i + 9. Let h be o(r). Let t(k) = 11*k + 1. What is the units digit of t(h)?
4
Let y(n) = -n + 8. What is the tens digit of y(-3)?
1
Let a = 20 - 8. What is the units digit of (-6)/a*-2*5?
5
Suppose 0 = 5*h - 19 - 11. Let u(s) = h*s**3 - s + 16*s**3 - 8*s**3 + 24*s**3. What is the tens digit of u(1)?
3
Let i(n) = 2*n**2 + 7*n + 3. Let t be i(9). Let x = -85 + t. What is the tens digit of x?
4
Let y = -1568 - -1687. What is the hundreds digit of y?
1
Let j be (-1)/((-3)/9*1). Suppose 5*g + j*i + 15 = -i, 3 = -g - 5*i. What is the units digit of (g + -37)*(-3)/4?
0
Let y(s) = 5*s**2 - 7*s + 12. Let d(a) = 14*a**2 - 21*a + 35. Let w(v) = 4*d(v) - 11*y(v). What is the hundreds digit of w(15)?
1
Suppose k = 2*l + 68, -315 = -5*k + 3*l + 2*l. Suppose m + m = k. Let o = m - 22. What is the units digit of o?
7
Let m(z) = z**2 - 9*z - 19. Let v be m(11). Suppose -v*j = -s + 9, 3*j + 4 = -j. What is the units digit of s?
6
Suppose 18 = 4*z - 6. Let f(u) = u**3 - 2*u**2 - 11*u + 13. What is the units digit of f(z)?
1
Let t = -179 - -104. What is the tens digit of -3*t/9*1 - 1?
2
Let j be 1*-2 + (-1 - 13). Let a = j - -5. Let y = a - -19. What is the units digit of y?
8
Let r be (83 - -23) + (2 - 1). Let l = 116 - r. What is the units digit of l?
9
Suppose 2*i = 3*i - 297. Let z = i - 61. What is the units digit of z?
6
Let b = 1351 - 257. What is the hundreds digit of b?
0
Let t = -269 + 617. What is the tens digit of t?
4
Let p(d) = 31*d**3 + d**2 - d - 1. Let b be p(1). Suppose 0*g - g - 2*z + 6 = 0, -2*z + b = 5*g. What is the units digit of 1/(-2) - (-99)/g?
6
What is the units digit of (3 - 6518/(-3)) + 12/(-18)?
5
Let b be ((-2)/1)/(6/(-15)). Suppose b*h - 26 = -4*g - 8, h - g = 0. Suppose 3*n - 18 = -h*c, 7*c + 1 = 4*n + 2*c. What is the units digit of n?
4
Let u = 963 - 648. What is the hundreds digit of 40509/u - 6/20*2?
1
Let i = -1133 - -2036. What is the tens digit of i?
0
Let m be 2445 + -12 - 9/3. Suppose 3*d - 13*d + m = 0. What is the hundreds digit of d?
2
Let f = -40 + 101. Suppose i + 4*i = 4*h - 238, -f = -h + 2*i. What is the tens digit of -5 + 1 + h/3?
1
Let r = -1465 + 2077. What is the hundreds digit of r?
6
What is the units digit of -17 + (-10 - -22) - (-5481 + 1)?
5
Let z(j) = 637*j + 373. What is the tens digit of z(4)?
2
Let z(w) = 17*w**3 + w**2 - 4*w + 6. Let x = 107 + -105. What is the hundreds digit of z(x)?
1
Let a(j) = 4*j + 7 + 5*j**3 + 7*j**2 - 28 + 15 - 4*j**3. Suppose -5*p = 22 + 3. What is the units digit of a(p)?
4
Let m = 52 - 45. What is the units digit of m - 4/1 - 2?
1
Let c(m) = m**3 - 23*m**2 - 52. Let z be c(23). What is the units digit of z/(-3) - 22/(-33)?
8
Suppose -3*b = -7*b + 8. Suppose -4*j - k + 1 = -27, 0 = -5*j + b*k + 35. What is the units digit of 520/56 - 2/j?
9
Let r(i) = i**3 + 7*i**2 + 5*i - 6. Let v be r(-6). Suppose -o + 5 + 21 = v. What is the tens digit of o?
2
Suppose -3*j - 10 = 4*b + 5, j + 5 = 3*b. Suppose b*i + 2*i - 13 = 3*a, -3*a = 5*i - 64. What is the units digit of i?
1
Suppose -4*p + 0*q = 2*q - 220, 220 = 4*p - 4*q. What is the tens digit of p?
5
Let q = -2334 - -3522. What is the thousands digit of q?
1
Suppose -17*i + 20 = -13*i. Suppose -2*r - 3*r + x + 508 = 0, 516 = i*r + 3*x. What is the hundreds digit of r?
1
Let d(k) = -k**3 + 12*k**2 + 3*k - 15. Let n(y) = y**3 - 16*y**2 + 15*y - 18. Let s be n(15). Let u = s + 30. What is the units digit of d(u)?
1
Let m(g) = -g - 115. Let y be m(0). Let j be (451 - 1)*(-2)/(-5). Let k = y + j. What is the tens digit of k?
6
Let x = 58 - 56. Suppose 0 = -x*h - 4, -4*m + 10*h - 5*h = -626. What is the hundreds digit of m?
1
Let o = 68 - 41. Suppose -o = 5*k - 7. Let n(s) = -5*s - 5. What is the units digit of n(k)?
5
Suppose -20 = -3*a - 2. Let m be (-4)/a*(-111)/(-2). Let j = m + 61. What is the units digit of j?
4
Let g be (-8)/24 + (-26)/3. Let y be ((-30)/g)/(4/6). Su